0?
1548
What is the remainder when 337664 is divided by 7674?
8
Calculate the remainder when 99404701 is divided by 33134894.
19
What is the remainder when 908467 is divided by 3118?
1129
Calculate the remainder when 86092 is divided by 423.
223
Calculate the remainder when 286259 is divided by 286.
259
Calculate the remainder when 91006 is divided by 311.
194
Calculate the remainder when 22734 is divided by 1323.
243
What is the remainder when 40284438 is divided by 42?
12
What is the remainder when 5272835 is divided by 58587?
5
Calculate the remainder when 1859949 is divided by 1858901.
1048
What is the remainder when 1596371 is divided by 259?
154
Calculate the remainder when 2018991 is divided by 1861.
1667
Calculate the remainder when 5093617 is divided by 848875.
367
What is the remainder when 24509903 is divided by 6127473?
11
What is the remainder when 3325427 is divided by 3325421?
6
What is the remainder when 1191016 is divided by 59?
42
What is the remainder when 34314151 is divided by 2620?
11
What is the remainder when 162942 is divided by 15402?
8922
What is the remainder when 57879 is divided by 749?
206
What is the remainder when 12284 is divided by 3069?
8
Calculate the remainder when 2971947 is divided by 98.
97
Calculate the remainder when 3661902 is divided by 13.
10
What is the remainder when 19619233 is divided by 1401360?
193
What is the remainder when 15743236 is divided by 67?
45
Calculate the remainder when 40529837 is divided by 262.
9
What is the remainder when 7198606 is divided by 2041?
2040
What is the remainder when 27922961 is divided by 738?
731
Calculate the remainder when 6337849 is divided by 172.
165
What is the remainder when 1517703 is divided by 56201?
276
What is the remainder when 308139 is divided by 307917?
222
Calculate the remainder when 80894890 is divided by 452.
450
What is the remainder when 9848074 is divided by 2356?
2350
Calculate the remainder when 855270 is divided by 37.
15
Calculate the remainder when 1639077 is divided by 819504.
69
What is the remainder when 912574073 is divided by 4224?
4217
What is the remainder when 11720913 is divided by 3?
0
Calculate the remainder when 75519 is divided by 10760.
199
Calculate the remainder when 11235991 is divided by 178349.
4
Calculate the remainder when 1634974 is divided by 1758.
34
Calculate the remainder when 47565889 is divided by 396.
349
What is the remainder when 668766 is divided by 4489?
4394
Calculate the remainder when 14645996 is divided by 3000.
2996
Calculate the remainder when 170848 is divided by 132.
40
What is the remainder when 2544808 is divided by 847?
420
Calculate the remainder when 9210756 is divided by 8450.
256
Calculate the remainder when 275265 is divided by 136.
1
Calculate the remainder when 3523593 is divided by 5.
3
Calculate the remainder when 691219925 is divided by 12776.
12773
Calculate the remainder when 3008027 is divided by 298.
15
What is the remainder when 518630 is divided by 518623?
7
Calculate the remainder when 347445 is divided by 173652.
141
Calculate the remainder when 39447499 is divided by 3034418.
65
Calculate the remainder when 311790 is divided by 22268.
38
What is the remainder when 58296 is divided by 119?
105
Calculate the remainder when 5405904 is divided by 57.
24
Calculate the remainder when 31864005 is divided by 245.
40
Calculate the remainder when 66576 is divided by 32405.
1766
What is the remainder when 1396313 is divided by 199465?
58
Calculate the remainder when 29700 is divided by 8104.
5388
Calculate the remainder when 575898 is divided by 323.
312
What is the remainder when 304336 is divided by 764?
264
Calculate the remainder when 57908173 is divided by 79.
67
Calculate the remainder when 637911 is divided by 2398.
43
What is the remainder when 88963417 is divided by 26?
23
Calculate the remainder when 2528952 is divided by 421491.
6
Calculate the remainder when 501154 is divided by 966.
766
What is the remainder when 14475896 is divided by 3662?
10
Calculate the remainder when 2170944 is divided by 5441.
5426
Calculate the remainder when 179554 is divided by 137.
84
Calculate the remainder when 52389 is divided by 13085.
49
What is the remainder when 12924431 is divided by 37?
35
Calculate the remainder when 2627188 is divided by 187655.
18
Calculate the remainder when 46067287 is divided by 1609.
8
Calculate the remainder when 143191356 is divided by 3683.
3682
What is the remainder when 3805420 is divided by 31446?
454
Calculate the remainder when 408114 is divided by 278.
10
What is the remainder when 710280 is divided by 442?
428
Calculate the remainder when 3678394832 is divided by 1913.
1912
Calculate the remainder when 175547 is divided by 349.
0
What is the remainder when 168658 is divided by 445?
3
Calculate the remainder when 3788338 is divided by 1262776.
10
Calculate the remainder when 91699 is divided by 946.
883
What is the remainder when 130722 is divided by 125061?
5661
Calculate the remainder when 1624683549 is divided by 2748.
2745
Calculate the remainder when 110221 is divided by 8477.
20
What is the remainder when 84427 is divided by 1488?
1099
Calculate the remainder when 1041757 is divided by 2720.
2717
Calculate the remainder when 78059 is divided by 3554.
3425
What is the remainder when 25753939 is divided by 151?
134
What is the remainder when 623663878 is divided by 1179?
1174
Calculate the remainder when 190207 is divided by 1215.
667
Calculate the remainder when 14303348 is divided by 241.
239
Calculate the remainder when 1144177 is divided by 106.
13
Calculate the remainder when 65318 is divided by 16329.
2
Calculate the remainder when 192885 is divided by 95220.
2445
What is the remainder when 77075 is divided by 191?
102
What is the remainder when 970450 is divided by 26?
0
Calculate the remainder when 3651678 is divided by 8262.
8136
What is the remainder when 2083705 is divided by 2336?
2329
Calculate the remainder when 376797904 is divided by 17.
10
What is the remainder when 48553720 is divided by 169?
20
Calculate the remainder when 1645281 is divided by 668.
665
Calculate the remainder when 6336228 is divided by 38.
32
Calculate the remainder when 2088236 is divided by 258.
242
What is the remainder when 109569 is divided by 116?
65
What is the remainder when 44168822 is divided by 2026?
2022
What is the remainder when 405061 is divided by 10372?
553
What is the remainder when 207914 is divided by 1937?
655
What is the remainder when 2215052 is divided by 125?
52
What is the remainder when 1165668 is divided by 388171?
1155
Calculate the remainder when 191028114 is divided by 15.
9
Calculate the remainder when 4675294 is divided by 101.
4
What is the remainder when 17017402 is divided by 30?
22
What is the remainder when 166920 is divided by 55593?
141
Calculate the remainder when 46765803 is divided by 16.
11
Calculate the remainder when 546043 is divided by 136.
3
Calculate the remainder when 643371 is divided by 1829.
1392
Calculate the remainder when 8252785 is divided by 91.
86
Calculate the remainder when 1688261 is divided by 3954.
3857
What is the remainder when 145414784 is divided by 12?
8
Calculate the remainder when 6617320 is divided by 31.
29
Calculate the remainder when 38807410 is divided by 1462.
82
What is the remainder when 352863461 is divided by 267?
266
Calculate the remainder when 46273 is divided by 56.
17
Calculate the remainder when 4793318 is divided by 199721.
14
Calculate the remainder when 101954086 is divided by 734.
18
Calculate the remainder when 139764 is divided by 393.
249
Calculate the remainder when 7502 is divided by 2562.
2378
Calculate the remainder when 5364244 is divided by 740.
724
What is the remainder when 35257245 is divided by 146?
143
What is the remainder when 4536448 is divided by 17?
15
Calculate the remainder when 69792561 is divided by 1033.
1015
Calculate the remainder when 19506004 is divided by 78.
76
What is the remainder when 338948219 is divided by 12?
11
What is the remainder when 389275 is divided by 4425?
4300
Calculate the remainder when 1289291 is divided by 976.
971
What is the remainder when 257998 is divided by 128993?
12
Calculate the remainder when 16463002 is di